divided by 320.
316
What is the remainder when 36953 is divided by 3686?
93
What is the remainder when 9416158 is divided by 168140?
318
What is the remainder when 58468497 is divided by 71?
68
Calculate the remainder when 413617 is divided by 1137.
886
Calculate the remainder when 11189758 is divided by 248.
246
Calculate the remainder when 72299 is divided by 896.
619
Calculate the remainder when 361351 is divided by 28.
11
What is the remainder when 5976835 is divided by 1287?
7
Calculate the remainder when 397716 is divided by 191.
54
What is the remainder when 22031174 is divided by 310298?
16
What is the remainder when 124811206 is divided by 1116?
1114
Calculate the remainder when 1000345 is divided by 712.
697
What is the remainder when 280052 is divided by 93349?
5
What is the remainder when 13668227 is divided by 4556069?
20
Calculate the remainder when 10150671 is divided by 3051.
3045
Calculate the remainder when 10046492 is divided by 16.
12
What is the remainder when 415267 is divided by 59?
25
Calculate the remainder when 18045742 is divided by 15.
7
Calculate the remainder when 986518 is divided by 3008.
2902
Calculate the remainder when 18781 is divided by 5622.
1915
Calculate the remainder when 84409 is divided by 888.
49
Calculate the remainder when 904675 is divided by 301171.
1162
What is the remainder when 4295065 is divided by 23?
22
What is the remainder when 990748 is divided by 43?
28
Calculate the remainder when 21457710 is divided by 5921.
6
Calculate the remainder when 20855260 is divided by 160425.
10
What is the remainder when 140588 is divided by 17459?
916
What is the remainder when 1882620 is divided by 941294?
32
What is the remainder when 1287606 is divided by 25?
6
Calculate the remainder when 3159245 is divided by 1053073.
26
Calculate the remainder when 162754 is divided by 4068.
34
What is the remainder when 34003470 is divided by 26?
20
Calculate the remainder when 2678024 is divided by 1339001.
22
Calculate the remainder when 69695 is divided by 269.
24
Calculate the remainder when 108494 is divided by 36121.
131
What is the remainder when 1096998 is divided by 36566?
18
Calculate the remainder when 178213 is divided by 771.
112
Calculate the remainder when 479511 is divided by 53277.
18
What is the remainder when 78052 is divided by 11126?
170
What is the remainder when 34705035 is divided by 323?
300
Calculate the remainder when 810724 is divided by 1682.
0
What is the remainder when 18840819 is divided by 1906?
9
What is the remainder when 7816659 is divided by 815?
809
Calculate the remainder when 11288430 is divided by 76.
74
What is the remainder when 6055624 is divided by 14698?
48
What is the remainder when 206667 is divided by 1033?
67
What is the remainder when 99645 is divided by 32477?
2214
What is the remainder when 4570952 is divided by 2149?
29
What is the remainder when 305177 is divided by 116?
97
Calculate the remainder when 352466 is divided by 70479.
71
Calculate the remainder when 12082 is divided by 5983.
116
Calculate the remainder when 645849 is divided by 31.
26
Calculate the remainder when 2068980 is divided by 406.
4
What is the remainder when 303156509 is divided by 34?
31
What is the remainder when 389109 is divided by 8268?
513
What is the remainder when 1231943 is divided by 102659?
35
Calculate the remainder when 1443947 is divided by 44.
43
What is the remainder when 7194781 is divided by 3597373?
35
What is the remainder when 138694 is divided by 133925?
4769
Calculate the remainder when 39343 is divided by 2291.
396
What is the remainder when 1101135 is divided by 364195?
8550
What is the remainder when 120700410 is divided by 1432?
1426
What is the remainder when 858961 is divided by 286275?
136
What is the remainder when 11004400 is divided by 897?
4
Calculate the remainder when 230414 is divided by 17721.
41
What is the remainder when 1138234 is divided by 72?
58
What is the remainder when 76174 is divided by 1873?
1254
Calculate the remainder when 593672 is divided by 79.
66
Calculate the remainder when 140409 is divided by 2007.
1926
What is the remainder when 1753916 is divided by 870?
866
What is the remainder when 3871395 is divided by 6?
3
Calculate the remainder when 210299 is divided by 1945.
239
What is the remainder when 209398368 is divided by 122?
8
Calculate the remainder when 441555 is divided by 1322.
7
Calculate the remainder when 22013075 is divided by 646.
625
Calculate the remainder when 1712806 is divided by 309.
19
What is the remainder when 7985509 is divided by 3319?
3314
Calculate the remainder when 276780 is divided by 4854.
102
What is the remainder when 3315733 is divided by 1105236?
25
What is the remainder when 65582 is divided by 21523?
1013
Calculate the remainder when 47583 is divided by 14211.
4950
Calculate the remainder when 349357 is divided by 519.
70
Calculate the remainder when 12794906 is divided by 1204.
1202
What is the remainder when 3337047 is divided by 7085?
12
What is the remainder when 4291619 is divided by 238422?
23
What is the remainder when 352708 is divided by 121?
114
What is the remainder when 1263154 is divided by 157891?
26
Calculate the remainder when 155496 is divided by 154077.
1419
Calculate the remainder when 55259 is divided by 2298.
107
Calculate the remainder when 70753974 is divided by 23.
17
Calculate the remainder when 355488 is divided by 128.
32
Calculate the remainder when 3696107 is divided by 19.
18
What is the remainder when 4862935 is divided by 1620978?
1
Calculate the remainder when 103176 is divided by 33409.
2949
What is the remainder when 331157 is divided by 2207?
107
What is the remainder when 265107 is divided by 19?
0
Calculate the remainder when 449834 is divided by 11223.
914
What is the remainder when 30787976 is divided by 17735?
16
Calculate the remainder when 197279 is divided by 1996.
1671
Calculate the remainder when 17743664 is divided by 548.
520
Calculate the remainder when 284226 is divided by 293.
16
What is the remainder when 340856 is divided by 15493?
10
What is the remainder when 1438941 is divided by 79938?
57
Calculate the remainder when 34631444 is divided by 88.
12
Calculate the remainder when 74753440 is divided by 27.
25
What is the remainder when 14054680 is divided by 184?
24
What is the remainder when 217956 is divided by 54?
12
What is the remainder when 60085 is divided by 60048?
37
Calculate the remainder when 3625243 is divided by 906304.
27
What is the remainder when 51717393 is divided by 18083?
13
What is the remainder when 108471 is divided by 8232?
1455
What is the remainder when 28137926 is divided by 67?
3
Calculate the remainder when 505972 is divided by 411.
31
Calculate the remainder when 258614 is divided by 8916.
50
What is the remainder when 10002274 is divided by 418?
370
Calculate the remainder when 10134048 is divided by 205.
78
What is the remainder when 14764531 is divided by 44741?
1
What is the remainder when 29267518 is divided by 38?
32
Calculate the remainder when 2494756 is divided by 70.
26
Calculate the remainder when 55415334 is divided by 1185.
1179
What is the remainder when 8943355 is divided by 104?
83
Calculate the remainder when 14031554 is divided by 215870.
4
Calculate the remainder when 103974555 is divided by 3637.
3636
What is the remainder when 5150272 is divided by 2341?
72
What is the remainder when 1235901 is divided by 15043?
2375
Calculate the remainder when 1638798 is divided by 331.
17
Calculate the remainder when 1401749 is divided by 623.
622
Calculate the remainder when 3324586411 is divided by 8549.
8546
What is the remainder when 7976167 is divided by 121?
89
Calculate the remainder when 30823597 is divided by 4404.
1
What is the remainder when 34139546 is divided by 76546?
30
Calculate the remainder when 2332809 is divided by 139.
111
Calculate the remainder when 5026262 is divided by 1675416.
14
Calculate the remainder when 1844114 is divided by 36882.
14
What is the remainder when 53663935 is divided by 8943988?
7
Calculate the remainder when 559820 is divided by 2856.
44
Calculate the remainder when 257222 is divided by 5818.
1230
What is the remainder when 27634304 is divided by 42?
26
What is